{"id":6,"date":"2011-01-23T12:49:25","date_gmt":"2011-01-23T11:49:25","guid":{"rendered":"http:\/\/www.pablo-romero.asso.fr\/WP\/?page_id=6"},"modified":"2020-02-25T08:41:06","modified_gmt":"2020-02-25T07:41:06","slug":"historique-de-lelevage","status":"publish","type":"page","link":"https:\/\/pabloromero.fr\/?page_id=6","title":{"rendered":"Historique de l&#8217;\u00e9levage"},"content":{"rendered":"<table border=\"1\">\n<tbody>\n<tr>\n<td valign=\"top\" width=\"150\"><strong>L&#8217;arbre genealogique de &#8220;TORO GENESE&#8221;<\/strong><\/td>\n<td width=\"700\">\n<table style=\"width: 309px; height: 53px;\">\n<tbody>\n<tr>\n<td><a href=\"http:\/\/www.genese-toro.com\/\/plans\/03.01.php\" target=\"_blank\" rel=\"noopener noreferrer\">03.01 &#8211; GALLARDO-Pablo-Romero (a)<\/a><\/td>\n<\/tr>\n<tr>\n<td><a href=\"http:\/\/www.genese-toro.com\/ plans\/03.02.php\" target=\"_blank\" rel=\"noopener noreferrer\">03.02 &#8211; GALLARDO-Pablo-Romero (b)<\/a><\/td>\n<\/tr>\n<\/tbody>\n<\/table>\n<\/td>\n<\/tr>\n<\/tbody>\n<\/table>\n<table border=\"1\">\n<tbody>\n<tr>\n<td valign=\"top\" width=\"150\"><strong>HISTOIRE <\/strong><strong>DE L&#8217;ELEVAGE<\/strong><\/td>\n<td width=\"700\">XVIll\u00e8 si\u00e8cle : Les religieux du Couvent de San Jacinto de Seville s&#8217;adonnent \u00e0 l\u2019\u00e9levage du toro de combat.\u00a0 Le b\u00e9tail install\u00e9 au Sud de l&#8217;Espagne est d&#8217;origine navaraise.En 1762, le b\u00e9tail est vendu au pr\u00eatre de Rota (Cadix) Marelino Bernaldo de Quiros y Gall\u00e9 qui le gardera jusqu&#8217;en 1792.1792 les fr\u00e8res Gallardo du Puerto de Santa Maria rach\u00e8tent le b\u00e9tail et croise des vaches andalouses avec des \u00e9talons navarrais.1840 Jos\u00e9 Luis Alvareda et D. Pedro Echevenigaray perp\u00e9tue la race. 1842 \u00e0 1871, le cheptel appartiendra \u00e0 cinq propri\u00e9taires.\u00a0 Sanchez Bace, Martinez Azillaga, Larraz, Le Duc de San Lorenzo et Bermudez Reina.Ce dernier poss\u00e8de d\u00e9j\u00e0 500 b\u00eates appartenant \u00e0 Jos\u00e9 Maria Benjumeaavant d&#8217;acqu\u00e9rir en 1871 le lot du Duc de San Lorenzo.La caste semi navarraise s&#8217;associe \u00e0 une pure race andalouse.1874 Bermudez Reina vend son \u00e9levage au Sevillan Rafael Laffite y Castro.Ce dernier \u00e9tait propri\u00e9taire depuis 1870 des toros cordouans de Jos\u00e9 Barb\u00e9ro provenant des croisements Jijon appartenant \u00e0 Alvaro Mu\u00f1oz et d&#8217;\u00e9talons Cabrera d&#8217;origine Miura.<\/p>\n<p>L&#8217;av\u00e8nement des Pablo Romero :<\/p>\n<p>Don Rafael Lafitte croise donc les anciens Gallardo avec des Jijon.\u00a0 Il les fit courir la premi\u00e8re fois aux ar\u00e8nes de Madrid le 11 juillet 1875.<\/p>\n<p>D\u00e9but 1885, le troupeau est achet\u00e9 par Don Carlos Conradi Galin qui d\u00e8s le mois d&#8217;octobre, le divise en 2 parts.\u00a0 La 1 \u00e8re est acquise par Francisco Gallardo y Castro et la 2\u00e8me par Don Felipe de Pablo Romero, citoyen de Soria, qui installe l&#8217;\u00e9levage entre Sanl\u00f9car la Mayor et Puebla del Rio. 9 avril 1888, premi\u00e8re pr\u00e9sentation des Pablorromeros \u00e0 Madrid.<\/p>\n<p>Les Pablorromeros de l&#8217;\u00e9poque par leur morphologie, la clart\u00e9 de leur pelage, mais surtout leur exceptionnelle bravoure vont, pendant un si\u00e8cle, \u00e9crire l&#8217;une des pages les plus riches de l&#8217;histoire taurine.<\/p>\n<p>1906 Felipe de Pablo Romero meurt et, son fils Felipe Pablo Romero y Llorente, h\u00e9rite.<\/p>\n<p>1943 Felipe dispara\u00eet et laisse l&#8217;\u00e9levage \u00e0 ses deux h\u00e9ritiers<\/p>\n<p>Don Felipe et Don Jos\u00e9 Luis de Pablo Romero y Artaloitia.<\/p>\n<p>1944 Felipe d\u00e9c\u00e8de et Jos\u00e9 Luis se retrouve seul avec 10 enfants et les h\u00e9ritiers de Felipe.<\/p>\n<p>1955 : Cr\u00e9ation de la Soci\u00e9t\u00e9 Anonyme \u00ab\u00a0Pablo Romero Sociedad Anonima\u00a0\u00bb&#8217;.<\/p>\n<p>1975 : Don Jos\u00e9 Luis Pablo Romero Artaloitia meurt et son fils Felipe reprend le flambeau.<\/p>\n<p>4 Juillet 1979 &#8211; Felipe succombe \u00e0 une intervention chirurgicale.<\/p>\n<p>Jos\u00e9 Luis Pablo Romero y Camara se charge de la gestion de la S. A. avec son fr\u00e8re Jaime Pablo Romero y Camara.<\/p>\n<p>1986 : Tous les fr\u00e8res et soeurs Pablo Romero d\u00e9cident de vendre la S. A. \u00e0 un groupe industriel s\u00e9villan \u00e0 qui, le jour m\u00eame, Don Jaime rach\u00e8te l&#8217;\u00e9levage et la Finca \u00abPartido de Resina\u00bb.<\/td>\n<\/tr>\n<\/tbody>\n<\/table>\n<table border=\"1\">\n<tbody>\n<tr>\n<td valign=\"top\" width=\"150\"><strong>HOMMES DE CONVICTION<\/strong><\/td>\n<td width=\"700\">La formidable histoire de <em>l&#8217;encaste <\/em>des Pablo Romero, et le patrimoine \u00e0 caract\u00e8re unique dont la tauromachie actuelle a h\u00e9rit\u00e9 n&#8217;est pas le Fruit du hasard.C&#8217;est le r\u00e9sultat du travail, de la passion et de la puret\u00e9 des hommes gr\u00e2ce auxquels ce nom, &#8220;Pablo Romero&#8221;, est entr\u00e9 \u00e0 tout jamais dans la l\u00e9gende.\u00a0 L&#8217;amour du <em>toro bravo,<\/em> conjugu\u00e9 \u00e0 une grande droiture et au vrai respect de la Tauromachie s&#8217;est transmis de g\u00e9n\u00e9ration en g\u00e9n\u00e9ration au Fil des d\u00e9cennies.<\/td>\n<\/tr>\n<\/tbody>\n<\/table>\n<table border=\"1\">\n<tbody>\n<tr>\n<td valign=\"top\" width=\"150\"><strong>ETRE ELEVEUR<\/strong><\/td>\n<td width=\"700\">Si <em>l&#8217;encaste <\/em>pr\u00e9side \u00e0 la valeur d&#8217;un \u00e9levage, c\u2019est bien l&#8217;\u00e9leveur qui pr\u00e9side aux destin\u00e9es de son b\u00e9tail.\u00a0 Les grands \u00e9leveurs, hommes de passion avant tout, ont souvent h\u00e9rit\u00e9 de la gestion du patrimoine g\u00e9n\u00e9tique de leur fer.\u00a0 C&#8217;est le cas chez Pablo Romero o\u00f9 Don Jaime repr\u00e9sente la quatri\u00e8me g\u00e9n\u00e9ration, avec \u00e0 ses c\u00f4t\u00e9s, et au m\u00eame niveau de descendance, Manolo Mu\u00f1oz, quatri\u00e8me <em>mayoral <\/em>du nom chez Pablo Romero!Eleveur et <em>mayoral <\/em>sont un peu les alchimistes&#8221; de l&#8217;\u00e9levage, les garants de toute une Philosophie, d&#8217;une \u00e2me qui ne s&#8217;\u00e9teindra pas, d&#8217;un nom qui ne doit pas faillir, d&#8217;un fer aux Fondations claires et pures : l&#8217;AMOUR et le RESPECT du <em>Toro Bravo..<\/em><\/td>\n<\/tr>\n<\/tbody>\n<\/table>\n<table border=\"1\">\n<tbody>\n<tr>\n<td valign=\"top\" width=\"150\"><strong>LES GRANDS MOMENTS<\/strong><\/td>\n<td width=\"700\">Qui aurait pu dire <em>\u00e0 Gondolero ce<\/em> Fameux taureau de l&#8217;apr\u00e8s-midi triomphale de Juan Belmonte \u00e0 Madrid en 1919, ou <em>\u00e0 Chato et \u00e0 Cuchillero en<\/em> 1888 qu&#8217;ils participeraient eux aussi \u00e0 l&#8217;histoire profonde et pas seulement aux \u00e9v\u00e9nements historiques qui vont et viennent comme des vents l\u00e9gers et anecdotiques ?Qui aurait pu leur dire qu&#8217;ils allaient \u00abvivre\u00bb pour voir et assister \u00e0 quelque chose d&#8217;aussi intime que la rencontre de Miro et Picasso \u00e0 Paris, \u00e0 la m\u00eame epoque <em>que le fameux Gondolera.<\/em>Savaient-ils que l\u2019assassinat de Rosa Luxembourg allait changer tant de choses qui par la suite seraient r\u00e9duites \u00e0 n\u00e9ant ? savaient-ils que El sombrero de tres picos allait rester exactement comme eux li\u00e9 \u00e0 l&#8217;\u00e2me collective de l&#8217;Espagne ?Un si\u00e8cle plus tard, d\u00e9j\u00e0 un si\u00e8cle, ce sont toujours les m\u00eames yeux, les m\u00eames comportements de ces fameux pablorromeros qui ont vu la renaissance de la d\u00e9mocratie en Espagne, ont assist\u00e9 au ph\u00e9nom\u00e8ne d&#8217;urbanisation de la soci\u00e9t\u00e9 et de la F\u00eate des taureaux et \u00e0 l&#8217;abandon des structures rurales.Ils sont pass\u00e9s directement \u00e0 l&#8217;\u00e8re d&#8217;Internet, toujours insensibles au d\u00e9couragement avec la &#8220;m\u00eame fiert\u00e9 dans les cornes&#8221; comme l&#8217;\u00e9crivait Miguel Hernandez dans &#8220;Perito en Lunas&#8221;.\u00a0 A cette \u00e9poque le taureau <em>Rizador <\/em>au souvenir imp\u00e9rissable \u00e0 Madrid n&#8217;\u00e9tait alors qu&#8217;un jeune taureau, joueur et fier sous le soleil implacable andalou, au milieu des m\u00eames p\u00e2turages.Quand Paul Val\u00e9ry publiait le &#8220;Cimeti\u00e8re marin&#8221;, un beau <em>toro bravo<\/em> mourait lui aussi dans le parfum marin \u00e0 M\u00e0laga.\u00a0 Ces ar\u00e8nes sont tr\u00e8s li\u00e9es \u00e0 l&#8217;histoire de l&#8217;\u00e9levage avec 92 corridas alors que n&#8217;existait pas la Costa Del Sol. Eux, les <em>Beato, les Gallinito<\/em> avaient d\u00e9j\u00e0 une m\u00e9moire g\u00e9n\u00e9tiquement c\u00e9l\u00e8bre.\u00a0Ils savaient d\u00e9j\u00e0 que l&#8217;esclavage avait \u00e9t\u00e9 aboli.On ne peut oublier <em>Potrico, ce toro<\/em> <em>c\u00e0rdeno <\/em>qui revint de Barcelone dans ses terres andalouses gr\u00e2ci\u00e9 pour son exceptionnelle bravoure. Sur le chemin, il a crois\u00e9 ses compatriotes s&#8217;exilant pour survivre, en qu\u00eate de travail et de dignit\u00e9 dans le textile ou la construction.\u00a0C. J. Cela, romancier maigre et bourru, racontait de son c\u00f4t\u00e9 ces temps difficiles dans &#8216;La Colmena&#8217; \u00e0 Madrid, pendant que <em>Rizador <\/em>chargeait et revenait inlassablement \u00e0 la charge.Jamais on ne pourra oublier ces 98 ann\u00e9es de taureaux \u00e0 Valencia ou ces 67 \u00e0 San Sebasti\u00e9n ou ces 84 \u00e0 Bilbao, combattus pas des hommes aux noms si transcendants, si c\u00e9l\u00e8brestels que Joselito, Juan Belmonte, Ignacio, Sanchez Mejias, frisson immortalis\u00e9 par Federico Garcia Lorca, Cagancho, Domingo Ortega, Antonio Bienvenida un sourire devant l&#8217;histoire, ou Ordo\u00f1ez ledernier <em>torero<\/em> d&#8217;\u00e9poque, Anto\u00f1ete <em>maestro <\/em>de vies passionn\u00e9es et de toreo profond, Curro Romero, Rafael Ortega avec toute leur puret\u00e9, Paquirri, Paco Camino et avant eux Pepe Luis &#8230; et tous les autres qui ont . scell\u00e9 leur histoire \u00e0 celle de la <em>ganaderia Pablo <\/em>Romero, comme I&#8217;orage r\u00e9unit tous les grains d&#8217;une terre sabloneuse.Aujourd&#8217;hui dans le <em>Partido de Resina<\/em> ils repr\u00e9sentent le patrimoine g\u00e9n\u00e9tiquement pur et incontestable de histoire.\u00a0 Eux, les pablorromeros, quand ils nous regardent de leur piedestal, ils transmettent quelque chose de sublime, riche, triste, joyeux, tendre, effrayant, unique, magique, noir, brillant, douloureux, po\u00e9tique, passionn\u00e9 et tranquille.<\/p>\n<p>Ils racontent leur histoire, notre histoire, le pass\u00e9 et le futur, leur avenir, et certainement le n\u00f4tre.<\/td>\n<\/tr>\n<\/tbody>\n<\/table>\n","protected":false},"excerpt":{"rendered":"<p>L&#8217;arbre genealogique de &#8220;TORO GENESE&#8221; 03.01 &#8211; GALLARDO-Pablo-Romero (a) 03.02 &#8211; GALLARDO-Pablo-Romero (b) HISTOIRE DE L&#8217;ELEVAGE XVIll\u00e8 si\u00e8cle : Les religieux du Couvent de San Jacinto de Seville s&#8217;adonnent \u00e0 l\u2019\u00e9levage du toro de combat.\u00a0 Le b\u00e9tail install\u00e9 au Sud de l&#8217;Espagne est d&#8217;origine navaraise.En 1762, le b\u00e9tail est vendu au pr\u00eatre de Rota (Cadix) [&hellip;]<\/p>\n","protected":false},"author":8,"featured_media":0,"parent":146,"menu_order":0,"comment_status":"closed","ping_status":"open","template":"","meta":{"footnotes":""},"class_list":["post-6","page","type-page","status-publish","hentry"],"yoast_head":"<!-- This site is optimized with the Yoast SEO plugin v24.7 - https:\/\/yoast.com\/wordpress\/plugins\/seo\/ -->\n<title>Historique de l&#039;\u00e9levage - Les amis de PABLO ROMERO<\/title>\n<meta name=\"robots\" content=\"index, follow, max-snippet:-1, max-image-preview:large, max-video-preview:-1\" \/>\n<link rel=\"canonical\" href=\"https:\/\/pabloromero.fr\/?page_id=6\" \/>\n<meta property=\"og:locale\" content=\"fr_FR\" \/>\n<meta property=\"og:type\" content=\"article\" \/>\n<meta property=\"og:title\" content=\"Historique de l&#039;\u00e9levage - Les amis de PABLO ROMERO\" \/>\n<meta property=\"og:description\" content=\"L&#8217;arbre genealogique de &#8220;TORO GENESE&#8221; 03.01 &#8211; GALLARDO-Pablo-Romero (a) 03.02 &#8211; GALLARDO-Pablo-Romero (b) HISTOIRE DE L&#8217;ELEVAGE XVIll\u00e8 si\u00e8cle : Les religieux du Couvent de San Jacinto de Seville s&#8217;adonnent \u00e0 l\u2019\u00e9levage du toro de combat.\u00a0 Le b\u00e9tail install\u00e9 au Sud de l&#8217;Espagne est d&#8217;origine navaraise.En 1762, le b\u00e9tail est vendu au pr\u00eatre de Rota (Cadix) [&hellip;]\" \/>\n<meta property=\"og:url\" content=\"https:\/\/pabloromero.fr\/?page_id=6\" \/>\n<meta property=\"og:site_name\" content=\"Les amis de PABLO ROMERO\" \/>\n<meta property=\"article:modified_time\" content=\"2020-02-25T07:41:06+00:00\" \/>\n<meta name=\"twitter:card\" content=\"summary_large_image\" \/>\n<meta name=\"twitter:label1\" content=\"Dur\u00e9e de lecture estim\u00e9e\" \/>\n\t<meta name=\"twitter:data1\" content=\"6 minutes\" \/>\n<script type=\"application\/ld+json\" class=\"yoast-schema-graph\">{\"@context\":\"https:\/\/schema.org\",\"@graph\":[{\"@type\":\"WebPage\",\"@id\":\"https:\/\/pabloromero.fr\/?page_id=6\",\"url\":\"https:\/\/pabloromero.fr\/?page_id=6\",\"name\":\"Historique de l'\u00e9levage - Les amis de PABLO ROMERO\",\"isPartOf\":{\"@id\":\"https:\/\/pabloromero.fr\/#website\"},\"datePublished\":\"2011-01-23T11:49:25+00:00\",\"dateModified\":\"2020-02-25T07:41:06+00:00\",\"breadcrumb\":{\"@id\":\"https:\/\/pabloromero.fr\/?page_id=6#breadcrumb\"},\"inLanguage\":\"fr-FR\",\"potentialAction\":[{\"@type\":\"ReadAction\",\"target\":[\"https:\/\/pabloromero.fr\/?page_id=6\"]}]},{\"@type\":\"BreadcrumbList\",\"@id\":\"https:\/\/pabloromero.fr\/?page_id=6#breadcrumb\",\"itemListElement\":[{\"@type\":\"ListItem\",\"position\":1,\"name\":\"Accueil\",\"item\":\"https:\/\/pabloromero.fr\/\"},{\"@type\":\"ListItem\",\"position\":2,\"name\":\"L&#8217;ELEVAGE\",\"item\":\"https:\/\/pabloromero.fr\/?page_id=146\"},{\"@type\":\"ListItem\",\"position\":3,\"name\":\"Historique de l&#8217;\u00e9levage\"}]},{\"@type\":\"WebSite\",\"@id\":\"https:\/\/pabloromero.fr\/#website\",\"url\":\"https:\/\/pabloromero.fr\/\",\"name\":\"Les amis de PABLO ROMERO\",\"description\":\"L&#039;activit\u00e9 de l&#039;association &quot;les amis de PABLO ROMERO&quot;\",\"potentialAction\":[{\"@type\":\"SearchAction\",\"target\":{\"@type\":\"EntryPoint\",\"urlTemplate\":\"https:\/\/pabloromero.fr\/?s={search_term_string}\"},\"query-input\":{\"@type\":\"PropertyValueSpecification\",\"valueRequired\":true,\"valueName\":\"search_term_string\"}}],\"inLanguage\":\"fr-FR\"}]}<\/script>\n<!-- \/ Yoast SEO plugin. -->","yoast_head_json":{"title":"Historique de l'\u00e9levage - Les amis de PABLO ROMERO","robots":{"index":"index","follow":"follow","max-snippet":"max-snippet:-1","max-image-preview":"max-image-preview:large","max-video-preview":"max-video-preview:-1"},"canonical":"https:\/\/pabloromero.fr\/?page_id=6","og_locale":"fr_FR","og_type":"article","og_title":"Historique de l'\u00e9levage - Les amis de PABLO ROMERO","og_description":"L&#8217;arbre genealogique de &#8220;TORO GENESE&#8221; 03.01 &#8211; GALLARDO-Pablo-Romero (a) 03.02 &#8211; GALLARDO-Pablo-Romero (b) HISTOIRE DE L&#8217;ELEVAGE XVIll\u00e8 si\u00e8cle : Les religieux du Couvent de San Jacinto de Seville s&#8217;adonnent \u00e0 l\u2019\u00e9levage du toro de combat.\u00a0 Le b\u00e9tail install\u00e9 au Sud de l&#8217;Espagne est d&#8217;origine navaraise.En 1762, le b\u00e9tail est vendu au pr\u00eatre de Rota (Cadix) [&hellip;]","og_url":"https:\/\/pabloromero.fr\/?page_id=6","og_site_name":"Les amis de PABLO ROMERO","article_modified_time":"2020-02-25T07:41:06+00:00","twitter_card":"summary_large_image","twitter_misc":{"Dur\u00e9e de lecture estim\u00e9e":"6 minutes"},"schema":{"@context":"https:\/\/schema.org","@graph":[{"@type":"WebPage","@id":"https:\/\/pabloromero.fr\/?page_id=6","url":"https:\/\/pabloromero.fr\/?page_id=6","name":"Historique de l'\u00e9levage - Les amis de PABLO ROMERO","isPartOf":{"@id":"https:\/\/pabloromero.fr\/#website"},"datePublished":"2011-01-23T11:49:25+00:00","dateModified":"2020-02-25T07:41:06+00:00","breadcrumb":{"@id":"https:\/\/pabloromero.fr\/?page_id=6#breadcrumb"},"inLanguage":"fr-FR","potentialAction":[{"@type":"ReadAction","target":["https:\/\/pabloromero.fr\/?page_id=6"]}]},{"@type":"BreadcrumbList","@id":"https:\/\/pabloromero.fr\/?page_id=6#breadcrumb","itemListElement":[{"@type":"ListItem","position":1,"name":"Accueil","item":"https:\/\/pabloromero.fr\/"},{"@type":"ListItem","position":2,"name":"L&#8217;ELEVAGE","item":"https:\/\/pabloromero.fr\/?page_id=146"},{"@type":"ListItem","position":3,"name":"Historique de l&#8217;\u00e9levage"}]},{"@type":"WebSite","@id":"https:\/\/pabloromero.fr\/#website","url":"https:\/\/pabloromero.fr\/","name":"Les amis de PABLO ROMERO","description":"L&#039;activit\u00e9 de l&#039;association &quot;les amis de PABLO ROMERO&quot;","potentialAction":[{"@type":"SearchAction","target":{"@type":"EntryPoint","urlTemplate":"https:\/\/pabloromero.fr\/?s={search_term_string}"},"query-input":{"@type":"PropertyValueSpecification","valueRequired":true,"valueName":"search_term_string"}}],"inLanguage":"fr-FR"}]}},"_links":{"self":[{"href":"https:\/\/pabloromero.fr\/index.php?rest_route=\/wp\/v2\/pages\/6"}],"collection":[{"href":"https:\/\/pabloromero.fr\/index.php?rest_route=\/wp\/v2\/pages"}],"about":[{"href":"https:\/\/pabloromero.fr\/index.php?rest_route=\/wp\/v2\/types\/page"}],"author":[{"embeddable":true,"href":"https:\/\/pabloromero.fr\/index.php?rest_route=\/wp\/v2\/users\/8"}],"replies":[{"embeddable":true,"href":"https:\/\/pabloromero.fr\/index.php?rest_route=%2Fwp%2Fv2%2Fcomments&post=6"}],"version-history":[{"count":10,"href":"https:\/\/pabloromero.fr\/index.php?rest_route=\/wp\/v2\/pages\/6\/revisions"}],"predecessor-version":[{"id":6784,"href":"https:\/\/pabloromero.fr\/index.php?rest_route=\/wp\/v2\/pages\/6\/revisions\/6784"}],"up":[{"embeddable":true,"href":"https:\/\/pabloromero.fr\/index.php?rest_route=\/wp\/v2\/pages\/146"}],"wp:attachment":[{"href":"https:\/\/pabloromero.fr\/index.php?rest_route=%2Fwp%2Fv2%2Fmedia&parent=6"}],"curies":[{"name":"wp","href":"https:\/\/api.w.org\/{rel}","templated":true}]}}